506351281 a composite number?
True
Is 15035023901 a prime number?
False
Is 25669909303 a prime number?
True
Is 1177653157 composite?
True
Is 1777625491 a composite number?
True
Is 26369410271 composite?
True
Is 185754638669 composite?
False
Is 234710263 prime?
True
Is 8108453951 prime?
False
Is 316567921 prime?
True
Is 14010574285 a prime number?
False
Is 1751928977 a composite number?
False
Is 76038371653 prime?
False
Is 2065207721 composite?
False
Is 2695340351 prime?
False
Is 2701414151 prime?
True
Is 5928261049 a composite number?
False
Is 2511689201 a composite number?
True
Is 74118513167 a prime number?
True
Is 56653067 composite?
False
Is 5367719147 prime?
False
Is 1971116941 prime?
True
Is 1957615903 a composite number?
False
Is 26764978481 composite?
True
Is 19571367931 composite?
False
Is 1402394921 composite?
True
Is 1251421997 composite?
True
Is 11611320421 prime?
True
Is 9099155909 prime?
True
Is 50403966971 a prime number?
True
Is 819340927 a prime number?
False
Is 898257343 composite?
False
Is 24002738663 a composite number?
False
Is 2871492203 composite?
False
Is 2716990649 prime?
False
Is 555273077 a prime number?
True
Is 5140793597 prime?
False
Is 14165378863 prime?
True
Is 13267175059 prime?
False
Is 192473409347 a prime number?
True
Is 711493957 a composite number?
False
Is 84662494999 a prime number?
True
Is 68676345097 a composite number?
False
Is 11121736589 a composite number?
False
Is 84787200899 a composite number?
True
Is 7812074953 prime?
True
Is 957367271 prime?
False
Is 4769397485 a composite number?
True
Is 49109891 prime?
True
Is 106062569267 composite?
True
Is 4827756643 prime?
False
Is 8051563043 prime?
True
Is 97908169999 a prime number?
True
Is 6310330931 a prime number?
True
Is 29701455613 a prime number?
True
Is 4904991659 a composite number?
False
Is 1380398779 a composite number?
False
Is 3848449597 prime?
True
Is 88128539777 a prime number?
False
Is 296009281 composite?
True
Is 11452033 prime?
False
Is 366555113 prime?
True
Is 464106251 a composite number?
True
Is 8877915413 a composite number?
False
Is 12487898249 a composite number?
True
Is 52269901153 a composite number?
True
Is 2870812843 a composite number?
True
Is 5424474403 a prime number?
False
Is 357290983 prime?
False
Is 1708526693 a composite number?
False
Is 867582497 prime?
True
Is 63892717009 a prime number?
False
Is 9112191733 prime?
True
Is 105250351 composite?
False
Is 91997349941 composite?
True
Is 334610047 a prime number?
False
Is 5546454127 a composite number?
True
Is 408194663 prime?
True
Is 23611582231 a prime number?
False
Is 21946569727 prime?
True
Is 1280365435 a prime number?
False
Is 2191934273 a prime number?
False
Is 43262353357 composite?
False
Is 861455887 a composite number?
False
Is 2075794999 a prime number?
False
Is 579186365 a prime number?
False
Is 1336333 prime?
True
Is 21582501069 composite?
True
Is 8694375113 composite?
False
Is 62218326337 composite?
True
Is 454310547 composite?
True
Is 3685669439 a prime number?
True
Is 13012331321 a prime number?
False
Is 432714059 a composite number?
False
Is 1595429042 composite?
True
Is 24613541591 composite?
False
Is 8628609019 a prime number?
True
Is 2162942459 a composite number?
False
Is 42046659047 prime?
True
Is 6870072185 a composite number?
True
Is 97822799 composite?
False
Is 2428921549 a composite number?
True
Is 46876566383 a composite number?
False
Is 3653491559 composite?
True
Is 324197459 composite?
False
Is 18891128863 a composite number?
False
Is 915994753 a composite number?
False
Is 164078419 a composite number?
True
Is 6002003593 a composite number?
True
Is 432356867 composite?
True
Is 48175876327 prime?
True
Is 125000423183 a prime number?
False
Is 12721078787 a composite number?
True
Is 411143087 composite?
False
Is 9547095143 a prime number?
False
Is 2513266783 a prime number?
True
Is 1322262989 prime?
True
Is 29355753023 a composite number?
False
Is 1749284821 a composite number?
True
Is 12585799553 a composite number?
False
Is 666346537 prime?
True
Is 51517897 a prime number?
False
Is 10203485683 a prime number?
True
Is 1661212615 a composite number?
True
Is 1702435099 a prime number?
True
Is 127765161717 composite?
True
Is 279036539 a prime number?
True
Is 12367452691 a prime number?
False
Is 25552418861 composite?
True
Is 1668203929 composite?
True
Is 16699275497 composite?
False
Is 2926504531 a prime number?
False
Is 1736452303 composite?
True
Is 211695329 a composite number?
False
Is 194646391 a prime number?
False
Is 14651453987 a composite number?
False
Is 4494183311 composite?
False
Is 435866279 prime?
True
Is 3127512581 prime?
True
Is 7348884259 prime?
False
Is 1208328155 a composite number?
True
Is 3112102561 prime?
False
Is 120443293 a prime number?
False
Is 161304343 prime?
True
Is 24877769 a prime number?
False
Is 1866940723 a prime number?
True
Is 5874571333 a composite number?
True
Is 24817312909 a composite number?
True
Is 29636777131 a composite number?
True
Is 514851914 a prime number?
False
Is 35152276373 prime?
False
Is 44537634293 a prime number?
False
Is 4978230911 a composite number?
False
Is 693047903 a composite number?
False
Is 2136653813 composite?
True
Is 2192086331 a prime number?
True
Is 55113041 prime?
True
Is 162556867498 composite?
True
Is 203099839 a prime number?
True
Is 183713837 a composite number?
False
Is 141682693 composite?
False
Is 1719964339 prime?
False
Is 17733052063 composite?
True
Is 5699353 a prime number?
False
Is 130743001 a prime number?
True
Is 3151266605 a prime number?
False
Is 154067729 a prime number?
False
Is 2323438253 composite?
False
Is 2920047863 composite?
True
Is 663455147 composite?
False
Is 126069761 prime?
False
Is 1358874269 prime?
True
Is 1086663131 composite?
True
Is 1573544303 a composite number?
False
Is 552932377 prime?
False
Is 579400487 a prime number?
True
Is 1375568257 composite?
True
Is 258574231 prime?
True
Is 532144121 composite?
True
Is 169122193 prime?
False
Is 1910004821 a prime number?
False
Is 23948623561 a prime number?
True
Is 6869217527 prime?
True
Is 8160710263 prime?
True
Is 14884336769 composite?
False
Is 4115361154 prime?
False
Is 46247420645 a composite number?
True
Is 111130099139 composite?
False
Is 5454097 a prime number?
False
Is 11090544331 a composite number?
False
Is 817705009 composite?
True
Is 104142329 a composite number?
False
Is 204647789 prime?
True
Is 2949218279 prime?
False
Is 30383621033 composite?
True
Is 10174451957 a composite number?
False
Is 733077491 a composite number?
True
Is 748753427 prime?
True
Is 66513061859 a composite number?
False
Is 2303371689 composite?
True
Is 6286588271 composite?
False
Is 108246367 prime?
True
Is 67986477989 prime?
False
Is 101296927 a prime number?
False
Is 109841074597 prime?
True
Is 284842903 composite?
True
Is 43510336541 a composite number?
True
Is 24009196171 prime?
True
Is 2343708571 a prime number?
True
Is 118545277 composite?
True
Is 3271145903 prime?
False
Is 6066181397 composite?
False
Is 1230085991 prime?
False
Is 63570898549 prime?
True
Is 503401231 a composite number?
False
Is 5785910657 a prime number?
True
Is 24191041835 composite?
True
Is 260936017 composite?
False
Is 1765844855 a composite number?
True
Is 55919837 composite?
True
Is 9857821063 prime?
True
Is 91737162029 a prime number?
True
Is 106249675319 prime?
True
Is 2157210557 composite?
True
Is 2777365561 composite?
False
Is 3026065019 composite?
False
Is 23182420609 a prime number?
True
Is 5832880415 composite?
True
Is 185691217 a prime number?
False
Is 703796683 prime?
True
Is 2980881601 composite?
True
Is 3236341827 a composite number?
True
Is 48420130819 prime?
False
Is 2509595287 composite?
True
Is 63880889069 composite?
True
Is 280842161 a prime number?
True
Is 4890257899 a prime number?
True
Is 1669347871 a prime number?
True
Is 15206960387 composite?
False
Is 162932643047 prime?
True
Is 3846667067 a composite number?
True
Is 60340278269 a composite number?
False
Is 2920794953 a composite number?
False
Is 123619853563 a composite number?
True
Is 1373178479 prime?
True
Is 190596160061 a prime number?
True
Is 13493338043 a composite number?
True
Is 10363433323 composite?
False
Is 15636192679 prime?
False
Is 548376617 composit